e the greatest common factor of y and 12.
3
Let a = 19 - 18. Let k be -19*a/(-1) + -4. What is the highest common divisor of 45 and k?
15
Suppose y - 2*m = -3*m + 11, 3 = -m. Let i(j) = -5*j - 4*j - 3 + 4*j. Let d be i(-2). What is the greatest common factor of y and d?
7
Let t = 88 - 30. Let u(x) = 2*x - 6*x**2 - t*x**3 + 1 + 6*x**2 + 0*x**2. Let l be u(-1). Calculate the greatest common factor of 19 and l.
19
Let v = 53 + -49. Let r be v/((-60)/(-249)) + 2/5. Calculate the highest common divisor of 68 and r.
17
Suppose 0 = -22*c + 170 + 50. What is the highest common factor of c and 270?
10
Let p(l) = -l**2 + 48*l + 200. Let s be p(44). What is the highest common divisor of 64 and s?
8
Let x be (108/(-14))/(3/(-504)). What is the highest common factor of x and 16?
16
Suppose 30 = 2*n - 0*n - 5*j, n + 4*j = -11. Suppose -1424 = n*u + 51. Let g = -79 - u. What is the highest common factor of g and 24?
24
Suppose -2*y = -4, -4*a + 674 = -75*y + 74*y. What is the highest common divisor of 52 and a?
13
Let k = 46 - 26. Let z be (24/k)/(8/20). Suppose 11 = v - t, 2*v - 2*t - 31 = z*t. Calculate the greatest common divisor of v and 4.
4
Let z(f) = -18*f**3 - 2*f**2 - 7*f - 6. Let y be z(-2). What is the greatest common factor of 24 and y?
24
Let d(x) = x**3 + 11*x**2 + 13*x + 27. Let y be d(-8). What is the greatest common divisor of y and 460?
115
Let l(j) = 11*j + 14*j + 0*j**3 + 39 + j**3 + 120*j**2 - 94*j**2. Let d be l(-25). Calculate the highest common divisor of d and 26.
13
Let s be 9*((-304)/(-12) + -4). Suppose 4*o - 48 - s = 0. What is the greatest common divisor of o and 15?
15
Let a(h) = h**3 - 14*h**2 - 18*h + 48. Let o be a(15). Suppose -d - r + 5 = 0, -r = -5*d + 3*r + 34. What is the highest common divisor of o and d?
3
Suppose 3*g + j - 51 = -j, 3*g + 4*j - 45 = 0. What is the greatest common factor of 152 and g?
19
Suppose -30 = -4*k + 5*i, -3*i - 2*i = 10. Suppose l = f - 3, 0 = f - k*f - 2*l + 18. Calculate the highest common factor of f and 6.
2
Let c be (-33)/3*(-3)/3. Suppose m + c - 13 = 0. Suppose 0 = 5*b + m*d - 109, 3*b + 4*d + 7 = 64. What is the highest common factor of 46 and b?
23
Let g(f) = -f - 2. Let m be g(-4). Suppose -192 = -5*z - l - m*l, 0 = -5*z - 5*l + 200. Let q = 27 - 3. What is the highest common factor of z and q?
12
Suppose 4*l = 3*z + 32 + 151, -2*z + 6 = 0. Calculate the greatest common factor of 18 and l.
6
Let a = 17 - 112. Let r = -73 - a. Calculate the greatest common factor of 121 and r.
11
Let n = -143 + 145. Suppose 0 = 3*w + 4*z - 6*z - 64, -n*z = 4*w - 76. What is the highest common factor of w and 60?
20
Let z be 55/11*8/5. Let b(d) be the third derivative of d**4/24 + 5*d**3/3 - 5*d**2. Let q be b(-8). Calculate the greatest common factor of z and q.
2
Suppose -2*z = -2*u + 4, 3*z = 6*u - 4*u + 1. Calculate the greatest common divisor of u and 6.
1
Let l be (2/4)/((-2)/(-4)). Let n be -2*1*-3*l. Let j = -73 - -79. What is the highest common divisor of j and n?
6
Suppose -3*h + 172 - 115 = 0. Let x(u) = u**3 + 10*u**2 + 3*u - 9. Let a be x(-8). Calculate the highest common factor of a and h.
19
Let u be (6/4 + -1)*212. Suppose -2*t + 7*t - 2*v + 283 = 0, 0 = -2*t - v - u. Let q be 10/(t/60 - -1). Calculate the highest common factor of 30 and q.
30
Suppose 4*u + 2*b = 2*u, 0 = -4*u + 4*b - 32. Let p = u - -52. What is the greatest common divisor of 36 and p?
12
Let d = 6 - 4. Suppose 4*q + 4*k = 213 - 41, 174 = 4*q + d*k. What is the greatest common factor of q and 11?
11
Suppose 656 = 11*r - 730. Calculate the highest common factor of r and 210.
42
Let v be -5 + (43/5 - 18/(-45)). What is the highest common factor of v and 96?
4
Suppose 3*o - 88 = -o - 3*l, 3*o + 3*l - 69 = 0. Suppose j + 45 = 4*j. Let r = o - j. Calculate the greatest common divisor of 28 and r.
4
Suppose 0 = -4*m + 318 + 1266. Suppose 5*f - m = 44. Calculate the greatest common divisor of 66 and f.
22
Let o(b) = 9*b**3 - 6*b**2 + 2*b + 8. Let m be o(2). Let c be 0/(-1 - -2) + 3. Let u(q) = 8*q. Let t be u(c). Calculate the greatest common factor of t and m.
12
Suppose 23 - 67 = -11*r. Suppose -5*f - 5*n + 8*n = -45, -33 = -r*f + 3*n. Let g be 3/(-1) + 1 + 38. Calculate the highest common factor of g and f.
12
Let c = -1 - -89. Suppose 0 = 5*g - 17 - 8. Suppose 0 = z + g*z - 48. Calculate the highest common factor of z and c.
8
Suppose -21*p = -14*p - 224. Calculate the highest common divisor of p and 544.
32
Suppose 5*c - 4*u + 19 = 64, 0 = 3*c + 2*u - 27. What is the highest common factor of 63 and c?
9
Let i be 16/((5 + -1)/8). Let y = i + 40. Let o be (-3)/15 - 46/(-5). Calculate the highest common divisor of y and o.
9
Suppose 0 = -5*u + 20, -2*w - 4*u = -3*w + 38. Let y = w - 50. Let h = -3 - -5. What is the greatest common divisor of y and h?
2
Let i(k) = -k**2 - 3*k**2 + 3*k + 5*k**2 - k**3 + 13. Let f be i(0). What is the highest common divisor of 52 and f?
13
Let g = 1972 + -1957. Calculate the highest common divisor of g and 50.
5
Let q(f) = -f**3 + 8*f**2 - 4*f. Let t be q(4). Suppose i = 5*i - 96. Calculate the highest common divisor of t and i.
24
Suppose 0 = -3*x - 0 + 54. Suppose 2*p - 500 = -4*g, g + 262 = 3*g - 5*p. What is the highest common factor of g and x?
18
Let i(x) = -3*x - 1. Let a be i(-2). Let z = a - 3. Let k = z + -1. Calculate the greatest common factor of k and 2.
1
Suppose 79 = 5*w - 2*f, f - 46 - 12 = -4*w. Suppose -2*a = a - w. What is the greatest common factor of 20 and a?
5
Suppose 6 = 7*j - 15. Suppose 3*f - g - 2*g = 51, 0 = j*f - 2*g - 52. What is the greatest common factor of 2 and f?
2
Let v = 29 + -24. Suppose 4*q + 3*t - 144 = 0, -40 = -v*q - 3*t + 140. Calculate the highest common divisor of q and 54.
18
Suppose -9 = -3*b - 0. Let c be 8/48 - -82*38/24. Let p = 133 - c. Calculate the highest common factor of b and p.
3
Let s = 216 - 72. What is the greatest common factor of 96 and s?
48
Suppose 35 = 2*c - 3*s, -2*c + 34 = -14*s + 12*s. What is the highest common divisor of c and 656?
16
Let y be (3/(-6))/((-5)/170). Calculate the highest common factor of y and 289.
17
Let z = -36 - -41. Suppose -10 = z*v, 3*g - 4*v = 5*g - 6. What is the highest common factor of g and 14?
7
Let a(p) = p**3 - 10*p**2 + 20*p + 6. Let y be a(9). What is the highest common factor of 14 and y?
7
Let k = 531 + -517. What is the highest common divisor of k and 6?
2
Let j = 23 + -48. Let l be (-185)/j - (-2)/(-5). Suppose 0 = -2*q + l + 11. Calculate the highest common divisor of 36 and q.
9
Let f = -581 - -771. What is the greatest common factor of f and 152?
38
Let b(m) = 4*m**3 - 69*m**2 + 18*m + 2. Let l be b(17). What is the greatest common divisor of l and 304?
19
Let j(h) = 2*h**2 - 3*h - 10. Suppose -t - 5 = 1. Let g be j(t). Calculate the greatest common divisor of g and 200.
40
Suppose -24994 + 9094 = -30*n. What is the highest common factor of 20 and n?
10
Suppose 4*j + 561 = -5*y, y = -0 + 3. Let l be ((-24)/(-14))/(-2 - j/70). What is the highest common divisor of l and 12?
6
Suppose 0 = -3*p + 4*j - 89, p + 2*j - 5 = -48. Let l = -11 - p. Calculate the greatest common divisor of 3 and l.
3
Let p = 204 - 87. Calculate the highest common divisor of p and 9.
9
Let j = -7 - -9. Suppose 0 = -q + 3*y + 82, q + 0*y - 82 = j*y. Suppose 49 = s - h, 0 = -0*s - 2*s - 2*h + q. Calculate the greatest common divisor of s and 30.
15
Let g(m) = 2*m**2 - 5*m + 1. Let w be g(-6). Suppose w = 5*v - 152. Suppose -49 = -4*z + v. Calculate the greatest common factor of 10 and z.
5
Suppose 18*a - 32 = 14*a. Calculate the greatest common divisor of a and 424.
8
Let c(l) = 3*l**2 - 5*l - 3. Let q be c(6). Suppose -3*z - z + 16 = 0. Suppose -45 = d - z*d. What is the highest common factor of d and q?
15
Suppose -10*p + 569 = -871. What is the greatest common divisor of p and 54?
18
Suppose 10*g + 20 = 14*g. Suppose 0 = -g*p - 2*a + 185, -6*a = p - 5*a - 40. Calculate the highest common factor of 14 and p.
7
Let i be (-15)/6*544/(-40). Calculate the greatest common factor of i and 544.
34
Let g = 1517 + -802. Calculate the greatest common factor of g and 65.
65
Let o be 15/4*1*512/12. Suppose -q + 48 = 4*x, 2*q - 3*x = -q + 204. What is the highest common factor of o and q?
32
Suppose -21*o + 4158 + 441 = 0. 